6*h(n) + 34*x(n). What is the tens digit of y(6)?
1
Let r be 83*2/(1 + -3). Let m be (-1390)/(-4)*20/50. Let l = r + m. What is the tens digit of l?
5
Let b be (-115 + 0)*(0 + -2 + 1). Let o = b + -82. What is the tens digit of o?
3
Let h(z) be the first derivative of -z**2/2 + 85*z - 15. What is the tens digit of h(0)?
8
Let c = 627 + -101. Suppose c = 5*q - 4*l, -5*l + 3*l - 314 = -3*q. What is the hundreds digit of q?
1
Let z(l) be the first derivative of l**3/6 + 11*l**2/2 - 3*l - 2. Let u(c) be the first derivative of z(c). What is the units digit of u(-5)?
6
Suppose 0*p - p = y - 3, -y = -2*p + 6. Suppose y = m - 7*m + 498. What is the tens digit of m?
8
Let j(c) = 4*c - 4. Let k be j(2). Suppose i - 154 = -k*x + 3*i, -2*x - 5*i = -59. What is the tens digit of x?
3
Suppose -2*c - 3*v = -43, -2*c - 5*v = -0*c - 33. Let r = 26 - c. What is the units digit of (2 + r)*2*-7?
4
Let b = 2 + 1. Suppose b*z = 8*z - 160. Let w = z + -13. What is the units digit of w?
9
Let g be (2/6)/((-13)/(-390)). Suppose -n - 864 = -g*n. What is the tens digit of n?
9
Let q be (-5)/(-3) + (-11)/(-33). What is the tens digit of -3 + (-2)/q - -65?
6
Suppose -32 = 2*p - 0. What is the hundreds digit of (-4)/p + 4/((-48)/(-1689))?
1
Let v be ((-4 - 9/(-6)) + 2)*-8. Suppose 4*f + f + 260 = 5*p, 5*f + 210 = v*p. What is the units digit of p?
0
Let i(a) be the second derivative of 2*a**3 - 7*a**2/2 + 15*a. What is the units digit of i(4)?
1
Suppose 4*v + 50 = 62. Suppose 0 = 3*s - 0*s - 15. Suppose 145 = 5*c + 5*d, -v*c - s*d = -50 - 39. What is the units digit of c?
8
Suppose -3*k - 14 = b, -5*k - 26 = -3*b + 2*b. Let z be (-26 - 1) + b + -3. What is the units digit of (z + -1)/((-9)/6)?
0
Let w = -21 + 23. Suppose j = -0*q - 5*q + 410, 5*q + w*j = 415. Suppose 9 - q = -4*i. What is the tens digit of i?
1
Let r(y) = 9 - 4*y + y**2 - 3*y**2 + 2*y. Let a be r(-7). Let n = 112 + a. What is the tens digit of n?
3
Let f = 94 - -56. What is the units digit of 2 - f/(-2 + -3)?
2
Let q(r) = -23*r + 65. What is the tens digit of q(-2)?
1
Suppose -t = 4*n + 3*t, -5*t - 27 = -4*n. Suppose n*c = w - 0*w + 82, 2*w = -2. What is the units digit of c?
7
Suppose -f = -13 + 3. Suppose 2*k - 15 = -k, -5*z + 2*k = f. Suppose -u + 16 = 5*s - z*u, 0 = 4*s - 4*u - 32. What is the units digit of s?
4
Let n = -20 - -65. Suppose 2*w + 3*t = -2*w + 169, -2*t - n = -w. What is the units digit of w?
3
Suppose 2*m - 15 = 5*m. What is the tens digit of 12 + 5/(m/2)?
1
Suppose 0 = -3*z + z - 6. Let j be (-1*42/z)/1. What is the units digit of (-8)/j*7/(-1)?
4
Let x(g) = 8*g**2 - 14*g + 49. What is the tens digit of x(3)?
7
Let b(z) = z**3 + 30*z**2 + 82*z - 52. What is the units digit of b(-26)?
0
Let i(t) = 16*t + 180. What is the units digit of i(22)?
2
Let q(r) be the first derivative of 2*r**3 - 5*r**2/2 - r + 4. Let m(p) = p + 1. Let a(b) = 2*m(b) + q(b). What is the tens digit of a(2)?
1
Let y = 61 + -31. What is the tens digit of (-300)/(-45)*y/8?
2
Suppose 0 = g + 5*x, -30 = g - 5*x + 20. Let s be g/(-2)*(-36)/(-6). Let z = 138 - s. What is the units digit of z?
3
What is the tens digit of (-794)/(-3)*(-21)/(-14)?
9
Suppose 0*s = s - 4. Suppose 10 = -s*w - w. What is the units digit of (470/(-20))/(w/4)?
7
Let f(d) = -14*d + 37. Let t(m) = -12*m**2 - m - 1. Let r be t(1). What is the hundreds digit of f(r)?
2
Let c(p) = 10*p**2 + 6*p + 54*p**3 - 12 - 7 - 53*p**3. What is the units digit of c(-8)?
1
Suppose -c = 5*n - 5453, 2*n - c = -0*n + 2177. What is the hundreds digit of ((-9)/(-6))/(15/n)?
1
Suppose 0 = -0*w - w + 11. Let t(a) = 5*a - a**3 + a**2 + 15 + 7*a + 9*a**2. What is the units digit of t(w)?
6
Suppose -2*a + 0 = -18. Let x be (89 - -10) + (1 - 0 - 1). Suppose -x + a = -5*q. What is the tens digit of q?
1
Let q = -33 - -51. Let a = -16 + q. What is the units digit of 9*(a + 0 + -1)?
9
Let d = -5985 - -8423. What is the hundreds digit of d?
4
Suppose -36*p = -61*p + 44200. What is the thousands digit of p?
1
Let j(m) = -66*m + 29. What is the units digit of j(-6)?
5
Suppose -167 = 3*u + 2*w, -3*w = -3*u - 0*w - 177. What is the tens digit of (-2)/6*5*u?
9
Suppose -3*a - 3*w = 831, -2*a - 45 - 515 = 5*w. What is the units digit of (3 - 2)/(a/(-270) + -1)?
4
Suppose 4*v = 2437 + 1187. What is the hundreds digit of v?
9
Let j be (4 + -5)/(3/(-24)). Let c(k) = k**3 - 7*k**2 + 21*k - 11. What is the units digit of c(j)?
1
Suppose -3*z - w = -7, 5*z = -2*w + 7*w + 5. Let v = -82 - -120. Suppose 0*l - z*l = -v. What is the tens digit of l?
1
Suppose -4*r = -g + 23, 3*r = -4*g + 8*g - 40. Let k be 21/18 + 1 - (-2)/(-12). Suppose -k*x + g*x - 145 = 0. What is the tens digit of x?
2
Let g = 293 - 267. What is the units digit of g?
6
Suppose -844 + 2153 = y. What is the thousands digit of y?
1
Suppose 6*l - 1 = 5. What is the tens digit of (-1)/(1/(-61))*l?
6
Let p = -64 - -67. Suppose 35 = d + p*o - 50, 391 = 4*d - 5*o. What is the tens digit of d?
9
Let k(l) = -92*l + 1. Let g be k(2). Let x = g - -300. Suppose 4*d + 0*d = -3*h + x, 5*h - 184 = -3*d. What is the units digit of h?
5
Let x(n) = 11*n - 4. Let b be x(7). Let l = -4 + b. What is the units digit of l?
9
Let m(t) = -t**3 - 15*t**2 - 16*t - 8. Let j be 1/2 - 5/(-2). Suppose -28 = -p + j*p. What is the tens digit of m(p)?
2
Let g(y) = -5*y**3 + y + 2. Let v be g(-2). Suppose 2*r - 2*k = 4*r - 54, 5*k = 2*r - v. What is the units digit of r?
5
Suppose 4*z = z + 9. Suppose 0 = -3*r + 3*h + 39, r - 4*h + 32 = z*r. What is the tens digit of r?
1
What is the hundreds digit of ((-176 - -8)/(-8))/((-4)/(-76))?
3
Let a = -95 - -53. Let s(k) = k**2 + 7*k - 18. Let i be s(-9). What is the tens digit of (-1 + i)*(a - -5)?
3
Let s = -14 - -14. Suppose s = n - f - 73, 4*n + 5*f - 276 = f. What is the tens digit of n?
7
Let a(l) = l**3 + 40*l**2 - 24*l - 6. What is the units digit of a(7)?
9
Suppose 4*s = 2 + 30. Suppose -s*p = -11*p. Suppose -40 = -p*t - 2*t. What is the tens digit of t?
2
Let o(h) = 304*h - 139. What is the thousands digit of o(10)?
2
Let g(p) = -348*p + 16. What is the units digit of g(-4)?
8
Let c(i) = -13*i - 54. Let x = -82 - -57. What is the units digit of c(x)?
1
Let n(j) = 2*j + 10. Let s(q) = q**2 + 1. Let m be s(2). Let h be n(m). Suppose 5*r - h = 125. What is the units digit of r?
9
Let y = 2 + 0. Suppose -5*j = -15, 4*a - y*j = -j - 75. Let t = a + 32. What is the units digit of t?
4
Let z(a) be the first derivative of -a**5/40 - a**4/4 - 2*a**3/3 + 4. Let r(l) be the third derivative of z(l). What is the tens digit of r(-8)?
1
Let x = 16 - 14. Let v be (476/(-21))/(x/(-3)). Suppose 0 = z + 4*o - 5*o - v, -z = -4*o - 46. What is the units digit of z?
0
Suppose 0 = 3*a - 3*x - 2457, -x - 2409 = -5*a + 1702. What is the tens digit of a?
2
What is the tens digit of (-2)/14*-3 + (-79070)/(-70)?
3
Let j = -542 - -909. What is the hundreds digit of j?
3
Suppose 35*j - 29546 - 27784 = 0. What is the units digit of j?
8
Suppose 0 = -u + 4*z + 371, 3*z - 476 - 277 = -2*u. What is the tens digit of u?
7
Let z = -79 + 84. Suppose 5*x + 9*l - 505 = 4*l, z*x - 505 = 4*l. What is the hundreds digit of x?
1
Suppose -9*k = -5*k - 1608. Suppose 108 = -2*g + k. What is the hundreds digit of g?
1
Suppose 0 = -8*p + 1826 + 4174. What is the units digit of p?
0
Let r be (1/(-3))/((-11)/(-33)). Let x be (r + 2)/((-2)/(-4)). Suppose 0 = -2*n - 2*v + 100, n - 4*n + x*v = -140. What is the units digit of n?
8
Let p(c) be the second derivative of -c**4/12 + 8*c**3/3 + 3*c**2/2 - 9*c. What is the units digit of p(11)?
8
Let j be 2*-1*(-1 - 0). Let r be 116/36 + (-1 - (-21)/27). What is the units digit of r/(-2)*(-10 + j)?
2
Let l(m) = -2*m + 3. Let c be l(-1). Suppose c*x = 13 + 87. What is the units digit of x?
0
Let j be (-105)/9*(-2 - 0)*3. Let q = j - 53. What is the units digit of q?
7
Let w(x) = -2*x**2 - 65*x + 37. What is the tens digit of w(-32)?
6
Let h = 243 + 125. What is the units digit of h?
8
What is the tens digit of -1630*((-2)/(-14) + 152/(-280))?
5
Let i(d) = 2*d**2 - 18*d. Let z be i(9). Suppose z = -11*h + 1530 + 296. What is the tens digit of h?
6
Suppose 20*c = 18*c + 1318. What is the tens digit of c?
5
Let i = 341 - 171. Let t = i + -89. What is the tens digit of t?
8
Let i be (-22)/18 + 1 + 900/405. Suppose 